t is the greatest common factor of 210 and 4395?
15
What is the highest common divisor of 1651 and 13?
13
Calculate the greatest common factor of 54 and 9630.
18
What is the highest common factor of 756 and 4732?
28
Calculate the highest common factor of 147 and 196.
49
Calculate the greatest common divisor of 235 and 47.
47
Calculate the highest common divisor of 1309 and 102.
17
What is the highest common divisor of 282 and 376?
94
Calculate the greatest common divisor of 150 and 9.
3
Calculate the highest common factor of 9171 and 9.
9
What is the highest common factor of 17 and 68?
17
What is the greatest common factor of 528 and 5?
1
Calculate the highest common factor of 175 and 7.
7
Calculate the greatest common factor of 5 and 4545.
5
Calculate the highest common factor of 1230 and 270.
30
What is the greatest common divisor of 3287 and 95?
19
What is the highest common factor of 5 and 395?
5
Calculate the greatest common factor of 1204 and 6923.
301
What is the highest common factor of 1404 and 54?
54
What is the greatest common divisor of 27 and 387?
9
What is the highest common factor of 6572 and 124?
124
What is the highest common divisor of 12 and 12?
12
Calculate the highest common divisor of 429 and 39.
39
Calculate the greatest common divisor of 1084 and 32.
4
What is the highest common factor of 510 and 15?
15
Calculate the greatest common factor of 266 and 350.
14
Calculate the highest common divisor of 4012 and 68.
68
Calculate the highest common divisor of 329 and 65471.
329
Calculate the greatest common divisor of 616 and 1204.
28
Calculate the greatest common divisor of 54 and 90.
18
What is the highest common factor of 43 and 1763?
43
What is the greatest common factor of 20 and 35?
5
Calculate the highest common divisor of 342 and 13851.
171
Calculate the greatest common divisor of 112 and 70.
14
What is the greatest common divisor of 78 and 13598?
26
What is the highest common factor of 404 and 1919?
101
Calculate the highest common divisor of 13 and 13.
13
What is the greatest common divisor of 38 and 6023?
19
Calculate the greatest common factor of 155 and 25.
5
Calculate the greatest common divisor of 2 and 62.
2
What is the highest common factor of 36 and 3582?
18
Calculate the highest common divisor of 814 and 66.
22
What is the highest common factor of 120 and 2250?
30
Calculate the highest common divisor of 16 and 688.
16
What is the greatest common factor of 426 and 7?
1
What is the highest common factor of 160 and 60?
20
What is the highest common divisor of 8712 and 216?
72
Calculate the highest common factor of 345 and 253.
23
Calculate the highest common factor of 722 and 418.
38
What is the highest common divisor of 88 and 38632?
88
Calculate the highest common divisor of 3641 and 66.
11
What is the greatest common factor of 35 and 1505?
35
What is the highest common factor of 935 and 1275?
85
What is the greatest common divisor of 1112 and 28?
4
What is the highest common divisor of 539 and 98?
49
What is the greatest common divisor of 481 and 111?
37
What is the greatest common factor of 48 and 292?
4
What is the greatest common factor of 113 and 5537?
113
What is the highest common factor of 1240 and 4440?
40
What is the highest common factor of 42 and 34?
2
Calculate the greatest common divisor of 14 and 812.
14
What is the greatest common divisor of 27 and 2889?
27
Calculate the highest common factor of 9450 and 50.
50
Calculate the highest common divisor of 4218 and 148.
74
What is the highest common factor of 1096 and 137?
137
Calculate the highest common divisor of 152 and 532.
76
Calculate the greatest common divisor of 157 and 5024.
157
Calculate the highest common divisor of 1575 and 252.
63
What is the highest common divisor of 45 and 150?
15
Calculate the highest common factor of 399 and 3458.
133
What is the greatest common divisor of 91 and 56?
7
Calculate the highest common divisor of 128 and 48.
16
Calculate the highest common divisor of 770 and 35.
35
Calculate the highest common divisor of 3193 and 1339.
103
Calculate the highest common factor of 24 and 2312.
8
Calculate the highest common factor of 266 and 14.
14
Calculate the greatest common divisor of 44 and 649.
11
Calculate the greatest common factor of 43 and 1247.
43
What is the greatest common divisor of 158 and 8927?
79
What is the highest common factor of 198 and 627?
33
What is the highest common factor of 189 and 54?
27
Calculate the highest common factor of 154 and 406.
14
What is the greatest common factor of 2616 and 24?
24
What is the highest common divisor of 3 and 92?
1
What is the highest common factor of 450 and 250?
50
What is the greatest common factor of 213 and 923?
71
Calculate the highest common divisor of 225 and 90.
45
What is the greatest common factor of 17 and 2771?
17
Calculate the highest common divisor of 816 and 912.
48
What is the highest common factor of 663 and 143?
13
Calculate the greatest common factor of 14 and 2359.
7
What is the highest common factor of 5 and 20?
5
What is the greatest common factor of 192 and 688?
16
Calculate the greatest common factor of 32 and 60.
4
Calculate the greatest common factor of 1560 and 24.
24
Calculate the greatest common factor of 200 and 850.
50
What is the highest common factor of 29 and 29203?
29
What is the greatest common factor of 36 and 164?
4
Calculate the greatest common factor of 38 and 703.
19
What is the highest common divisor of 174 and 2146?
58
Calculate the highest common divisor of 702 and 18.
18
What is the highest common divisor of 46 and 8?
2
What is the greatest common divisor of 96 and 1832?
8
Calculate the greatest common divisor of 1344 and 84.
84
Calculate the highest common factor of 11 and 407.
11
What is the highest common divisor of 24 and 2172?
12
Calculate the highest common divisor of 10766 and 28.
14
What is the greatest common factor of 4118 and 58?
58
Calculate the highest common factor of 1764 and 24.
12
What is the highest common divisor of 8 and 28?
4
Calculate the highest common factor of 42 and 450.
6
What is the greatest common factor of 50 and 150?
50
What is the highest common divisor of 702 and 54?
54
What is the highest common divisor of 377 and 26?
13
Calculate the highest common factor of 8056 and 19.
19
Calculate the highest common factor of 3475 and 139.
139
Calculate the greatest common divisor of 60 and 210.
30
What is the greatest common factor of 2413 and 38?
19
What is the highest common factor of 37048 and 22?
22
Calculate the greatest common factor of 29 and 261.
29
Calculate the greatest common factor of 13 and 39.
13
Calculate the greatest common factor of 8236 and 3124.
284
Calculate the highest common divisor of 414 and 46.
46
Calculate the highest common factor of 36399 and 11.
11
What is the highest common divisor of 120 and 1080?
120
What is the greatest common divisor of 252 and 1701?
63
What is the highest common divisor of 399 and 171?
57
What is the highest common factor of 2588 and 4?
4
What is the highest common factor of 12 and 804?
12
Calculate the greatest common divisor of 195 and 78.
39
Calculate the greatest common factor of 111 and 3811.
37
Calculate the highest common divisor of 98 and 2450.
98
What is the highest common factor of 63 and 546?
21
Calculate the greatest common divisor of 342 and 874.
38
Calculate the highest common factor of 18 and 207.
9
Calculate the greatest common divisor of 663 and 527.
17
Calculate the greatest common factor of 182 and 28.
14
Calculate the highest common factor of 504 and 46116.
252
Calculate the highest common factor of 167 and 8183.
167
What is the highest common factor of 16 and 23?
1
Calculate the highest common divisor of 5402 and 37.
37
Calculate the greatest common divisor of 67 and 536.
67
Calculate the greatest common factor of 198 and 132.
66
Calculate the highest common divisor of 106 and 22.
2
Calculate the greatest common factor of 25 and 13025.
25
Calculate the greatest common factor of 174 and 9164.
58
Calculate the highest common factor of 39 and 429.
39
Calculate the greatest common factor of 29508 and 24.
12
Calculate the greatest common factor of 1917 and 71.
71
Calculate the greatest common factor of 858 and 1742.
26
What is